3*b = -3*i - y*b + 7, -4*i = 5*b. What is the greatest common divisor of i and 20?
5
Suppose -3*f - 5*w = -80, 0 = -3*f - 3*w - 4 + 76. Suppose -4*t = -5*t + 70. What is the highest common divisor of t and f?
10
Let k be ((-18)/(-4))/((-25)/(-1450)). Calculate the highest common divisor of k and 29.
29
Suppose -x = 3*c - 4344, c - 38 + 33 = 0. What is the highest common factor of x and 117?
117
Suppose -2*s + 4*n + 21 = 5, -3*n = 2*s + 5. Suppose 5*u = 313 + s. Suppose -76 - 22 = -14*a. Calculate the highest common factor of u and a.
7
Suppose -2358 = 14*x - 2456. What is the greatest common divisor of x and 371?
7
Let m(w) = 16*w**2 + 1. Let k be m(-1). Let q be (-2)/6*(4 - 7). Let a be (272/12)/(q/3). What is the highest common factor of k and a?
17
Suppose u + 3*g - 1236 = -2*u, -2*g = -u + 424. What is the highest common divisor of u and 13?
13
Let o(u) = 3*u**2 + 2*u + 2. Let t be o(3). Let r = -10 - -13. Suppose -6 = -2*a, -z + 2*z = r*a - 4. Calculate the highest common divisor of t and z.
5
Suppose -38*r - 12232 = -85078. Calculate the greatest common divisor of r and 27.
27
Let b = 26 - 85. Let p = -25 - b. Calculate the greatest common factor of 68 and p.
34
Let x be -28 + (-1 + -1 - 0). Let a = x - -29. Let z be (-3 - -7)/a + 7. What is the highest common divisor of 2 and z?
1
Let r = -1129 - -1137. What is the highest common factor of 428 and r?
4
Suppose 2*n = 5*v - 2, 0 = 3*n + 5*v - 2 - 20. Let l(q) = 7*q**2 - 6*q. Let r be l(n). Calculate the highest common factor of r and 11.
11
Let n be ((-168)/(-15))/((-3)/(-60)). Calculate the highest common factor of 7 and n.
7
Suppose 0 = -y - 0*y + 6. Suppose v - y + 1 = 0. What is the greatest common divisor of v and 45?
5
Suppose 8*g - 9*g - 3*u + 15 = 0, -2*g - 3*u = -33. What is the greatest common factor of g and 102?
6
Suppose 2*d + 1290 = d + 2*o, d + 1270 = -2*o. Let g be d/15*(-3)/2. Suppose 0 = -2*k - 0*k + g. Calculate the greatest common factor of 160 and k.
32
Let z = -2698 - -2705. Let b(x) = -5*x - 4. Let p be b(-5). What is the highest common divisor of p and z?
7
Let r = 95 + 125. Calculate the greatest common divisor of r and 20.
20
Let p(a) = 26*a**2 + 7*a + 2. Let c be p(-2). Let q = c + 97. Calculate the greatest common divisor of 21 and q.
21
Suppose 0 = 5*p - z - 133, -2*p + 62 = -0*p + 4*z. Let r = -1 + p. Let k = 38 - r. Calculate the highest common divisor of 18 and k.
6
Suppose -5*v - 4*o = -3*o - 5, 0 = v + 5*o - 25. Suppose v = -2*f - 3*q + 151, 0 = -3*f + 4*q - 73 + 308. What is the greatest common factor of f and 22?
11
Let t be 2/5*(9 + 66). Let y(s) = 20*s**3 - 2*s**2 + 3*s - 1. Let q be y(1). What is the greatest common divisor of q and t?
10
Let y = -289 + 394. What is the greatest common divisor of y and 15?
15
Let n = -64 + 106. Let u be n*(-1 - 13/(-7)). What is the highest common factor of 288 and u?
36
Let d = -10 + 4. Let j = 9 + d. Let m be j - (0 + 6)*-1. What is the highest common divisor of m and 9?
9
Suppose o - 24*o + 8832 = 0. Calculate the highest common factor of 48 and o.
48
Let t(c) = 4*c**2 - 8*c. Let q be t(6). Let s(u) = -u**2 + 14*u + 11. Let a be s(13). Calculate the greatest common factor of q and a.
24
Let f(k) = k**2 - 21*k + 16. Let b be f(-6). What is the highest common divisor of 2 and b?
2
Suppose -110*h + 8176 = -103*h. What is the highest common factor of 16 and h?
16
Suppose -2*w = 5*w - 21. Let g(h) = 5*h**w + 1 - h**2 + 12*h**3 + 11*h**3. Let t be g(1). Calculate the highest common divisor of 4 and t.
4
Let q be (1 - 2)*-2*5661/102. What is the greatest common divisor of 296 and q?
37
Let q = 25 + -12. Let k = 0 + 3. Suppose 15 = 4*i - 3*x, 2*x + 2*x + q = k*i. Calculate the greatest common factor of 27 and i.
3
Suppose 2*s = -4*s. Let n = 25 + -15. Let z = n - s. What is the highest common divisor of z and 80?
10
Let d(a) = 59*a - 10. Let o be d(2). What is the greatest common divisor of o and 180?
36
Suppose 0 = 5*p - 2*p - 33. Suppose -8*k + 24 = -6*k. Suppose 81 = 2*j + 2*q + 1, k = -3*q. Calculate the greatest common divisor of p and j.
11
Let p(k) = -2*k**3 - 3*k**2 + 6*k - 4. Let o be p(-4). Let r = o + -12. Let g be (-1)/1*-2 + 8. What is the highest common factor of r and g?
10
Let t(i) = -321*i**3 + 14*i**2 + 13*i. Let u be t(-1). Calculate the greatest common factor of u and 92.
46
Suppose 9*p = 4*p - 5*t + 50, -2*p - 5*t = -29. Calculate the greatest common factor of p and 350.
7
Let i = -20 + 23. Let a = 31 - i. Calculate the greatest common divisor of 4 and a.
4
Let k = 1207 + -851. Calculate the highest common factor of 89 and k.
89
Suppose 5*u - 166 = -r, -r - 3 = -u + 35. Calculate the greatest common factor of u and 102.
34
Suppose -385 = -2*u - 3*o, 4*u = -0*u - 5*o + 765. Calculate the highest common factor of u and 5.
5
Let a = 18 + -13. Suppose 0*x + a*x - 15 = 0. Suppose -5*f + x*k + 45 = -2*f, -64 = -4*f + 5*k. Calculate the highest common divisor of 121 and f.
11
Let m(b) = b + 20. Let v be m(-20). Suppose -3*y + 38 + 1 = v. Calculate the highest common divisor of y and 13.
13
Let i(b) = 2*b**2 - 20*b - 39. Let c be i(12). Suppose 4*n = -c*n + 26. What is the greatest common divisor of 1 and n?
1
Let w = 251 - 59. Calculate the highest common divisor of 144 and w.
48
Let q(w) = 3*w - 13. Let h be (-2)/3*72/(-16). Suppose m - 5 = h. Let k be q(m). Calculate the highest common factor of 99 and k.
11
Suppose 4*y = -9*y + 195. What is the greatest common divisor of y and 135?
15
Suppose -4*q - 2*m + 443 = -99, -5 = -5*m. What is the highest common divisor of q and 216?
27
Let h(r) = -30*r + 39. Let c be h(-2). What is the greatest common factor of c and 18?
9
Let x = 251 - -1029. What is the highest common factor of x and 10?
10
Let n(y) = -11*y - 61. Let q be n(-16). What is the highest common factor of q and 23?
23
Let h be 42*15/(0 + 4/2). What is the greatest common divisor of 63 and h?
63
Suppose 0 = 4*x - 35 + 3. Suppose 3*n + 20 = x*n. Suppose -n*l + 61 = -51. What is the greatest common factor of 4 and l?
4
Suppose 3*t - 4*y - 9 = 0, -29*y + 32*y = 2*t - 6. What is the greatest common factor of 723 and t?
3
Suppose 4*s - 72 = 4*w, -5*w = 2*s - 0*s + 125. Let j be 2/(-6) + w/3. Let o be (-156)/(30/j + 3). Calculate the greatest common factor of 26 and o.
26
Suppose 2*m + n = 2255, 2*n + 5633 = 11*m - 6*m. Calculate the greatest common factor of m and 49.
49
Suppose -5*v + 45 = 4*a, -a + 3*v = -2*v + 20. Suppose -b + f + 19 = 0, a*b - 44 = -3*f + 59. Calculate the highest common divisor of b and 20.
20
Suppose 793*f - 788*f - 70 = 0. What is the highest common factor of f and 6?
2
Suppose -2*n - 3 = 3. Let v = n + 7. Let l = -184 + 192. Calculate the greatest common divisor of l and v.
4
Let l(s) = -6*s + 18. Let t be l(-3). Calculate the greatest common factor of t and 18.
18
Suppose 10 - 22 = -4*a. Suppose 0 = a*u - 49 - 35. Let r = 169 + -99. What is the greatest common divisor of r and u?
14
Let l = 8439 + -8424. Suppose 5*o + 25 = -0*o, -2*w + 718 = -4*o. Let p = -229 + w. Calculate the greatest common divisor of l and p.
15
Let w be -42*((-25)/10 - (-3 - -2)). What is the greatest common factor of w and 27?
9
Suppose 0 = 4*l - 0*s + 2*s - 144, s = -3*l + 108. What is the greatest common divisor of 228 and l?
12
Let a(r) = 2*r**2 - 6*r. Let j be a(4). Suppose -68 = -u - j. Let q = 212 - 200. What is the highest common divisor of u and q?
12
Let z = -8 - -20. Suppose -19*n - 252 = -22*n. Calculate the highest common factor of z and n.
12
Let k = -425 - -476. What is the greatest common factor of k and 136?
17
Suppose 2*j = 6*j - 28. Suppose -j*k + 360 = -2*k. What is the highest common divisor of 9 and k?
9
Suppose i + 26 = 5*p, p - 4*i - 1 + 11 = 0. Calculate the greatest common factor of 3 and p.
3
Suppose 0 = 5*g - 9 - 1. Let u = 15 - 15. Let j be (1 - u) + (-143)/(-11). What is the highest common divisor of g and j?
2
Let t be -3*(39/(-13) - 2). Calculate the highest common factor of 1245 and t.
15
Let f(o) = 2 - 44 + 9*o - 7. Let i be f(6). Calculate the highest common divisor of 65 and i.
5
Suppose 0 = -38*k + 33*k + 2000. Calculate the greatest common factor of 50 and k.
50
Let x be -3 - 68/(-24) - 11/6. Let c(n) = -n**3 - 2*n**2 + 2*n - 1. Let g be c(-3). Let s be (-1)/g + (-9